{"id":92,"date":"2014-10-13T19:08:04","date_gmt":"2014-10-13T17:08:04","guid":{"rendered":"http:\/\/v-a-m-t.briit.de\/?page_id=92"},"modified":"2019-02-05T20:12:33","modified_gmt":"2019-02-05T18:12:33","slug":"schulbuero","status":"publish","type":"page","link":"https:\/\/www.grundschule-t-a-h.de\/?page_id=92","title":{"rendered":"Schulb\u00fcro"},"content":{"rendered":"<h2 class=\"contentheading\">Schulb\u00fcro<\/h2>\n<p>Das Schulb\u00fcro ist zu folgenden Zeiten besetzt:<\/p>\n<p>Mo bis Do: 8-12.30 Uhr<br \/>\nFr: 8-11.30 Uhr<\/p>\n<p>So erreichen Sie das Schulb\u00fcro:<\/p>\n<p>Grundschulverbund Th\u00fclen &#8211; Alme &#8211; Hoppecke<br \/>\nHauptstandort Th\u00fclen<br \/>\nAm Stemmel 9<br \/>\n59929 Brilon<\/p>\n<p>Tel.: 02963\/ 95090<br \/>\nFax: 02963\/ 95091<\/p>\n<p>Email: info@grundschule-t-a-h.de<\/p>\n","protected":false},"excerpt":{"rendered":"<p>Schulb\u00fcro Das Schulb\u00fcro ist zu folgenden Zeiten besetzt: Mo bis Do: 8-12.30 Uhr Fr: 8-11.30 Uhr So erreichen Sie das Schulb\u00fcro: Grundschulverbund Th\u00fclen &#8211; Alme &#8211; Hoppecke Hauptstandort Th\u00fclen Am Stemmel 9 59929 Brilon Tel.: 02963\/ 95090 Fax: 02963\/ 95091 &hellip; <a href=\"https:\/\/www.grundschule-t-a-h.de\/?page_id=92\">Weiterlesen <span class=\"meta-nav\">&rarr;<\/span><\/a><\/p>\n","protected":false},"author":2,"featured_media":0,"parent":0,"menu_order":0,"comment_status":"closed","ping_status":"closed","template":"","meta":{"ngg_post_thumbnail":0,"footnotes":""},"class_list":["post-92","page","type-page","status-publish","hentry"],"_links":{"self":[{"href":"https:\/\/www.grundschule-t-a-h.de\/index.php?rest_route=\/wp\/v2\/pages\/92","targetHints":{"allow":["GET"]}}],"collection":[{"href":"https:\/\/www.grundschule-t-a-h.de\/index.php?rest_route=\/wp\/v2\/pages"}],"about":[{"href":"https:\/\/www.grundschule-t-a-h.de\/index.php?rest_route=\/wp\/v2\/types\/page"}],"author":[{"embeddable":true,"href":"https:\/\/www.grundschule-t-a-h.de\/index.php?rest_route=\/wp\/v2\/users\/2"}],"replies":[{"embeddable":true,"href":"https:\/\/www.grundschule-t-a-h.de\/index.php?rest_route=%2Fwp%2Fv2%2Fcomments&post=92"}],"version-history":[{"count":4,"href":"https:\/\/www.grundschule-t-a-h.de\/index.php?rest_route=\/wp\/v2\/pages\/92\/revisions"}],"predecessor-version":[{"id":5745,"href":"https:\/\/www.grundschule-t-a-h.de\/index.php?rest_route=\/wp\/v2\/pages\/92\/revisions\/5745"}],"wp:attachment":[{"href":"https:\/\/www.grundschule-t-a-h.de\/index.php?rest_route=%2Fwp%2Fv2%2Fmedia&parent=92"}],"curies":[{"name":"wp","href":"https:\/\/api.w.org\/{rel}","templated":true}]}}

Schulbüro

<h2 class="contentheading">Schulbüro</h2>
<p>Das Schulbüro ist zu folgenden Zeiten besetzt:</p>
<p>Mo bis Do: 8-12.30 Uhr<br />
Fr: 8-11.30 Uhr</p>
<p>So erreichen Sie das Schulbüro:</p>
<p>Grundschulverbund Thülen &#8211; Alme &#8211; Hoppecke<br />
Hauptstandort Thülen<br />
Am Stemmel 9<br />
59929 Brilon</p>
<p>Tel.: 02963/ 95090<br />
Fax: 02963/ 95091</p>
<p>Email: info@grundschule-t-a-h.de</p>

<p>Schulbüro Das Schulbüro ist zu folgenden Zeiten besetzt: Mo bis Do: 8-12.30 Uhr Fr: 8-11.30 Uhr So erreichen Sie das Schulbüro: Grundschulverbund Thülen &#8211; Alme &#8211; Hoppecke Hauptstandort Thülen Am Stemmel 9 59929 Brilon Tel.: 02963/ 95090 Fax: 02963/ 95091 &hellip; <a href="https://www.grundschule-t-a-h.de/?page_id=92">Weiterlesen <span class="meta-nav">&rarr;</span></a></p>
