{"id":84,"date":"2014-10-13T19:02:19","date_gmt":"2014-10-13T17:02:19","guid":{"rendered":"http:\/\/v-a-m-t.briit.de\/?page_id=84"},"modified":"2020-10-31T13:49:12","modified_gmt":"2020-10-31T11:49:12","slug":"foerderverein","status":"publish","type":"page","link":"https:\/\/www.grundschule-t-a-h.de\/?page_id=84","title":{"rendered":"F\u00f6rdervereine"},"content":{"rendered":"<p>Der <a title=\"F\u00f6rderverein Verbundschule Alme-Madfeld-Th\u00fclen\" href=\"https:\/\/www.grundschule-t-a-h.de\/?page_id=601\">F\u00f6rderverein \u201eVerbundschule Alme-Madfeld-Th\u00fclen&#8220;<\/a> und der <a title=\"F\u00f6rderverein Hoppecke\" href=\"https:\/\/www.grundschule-t-a-h.de\/?page_id=599\">F\u00f6rderverein \u201eGrundschule Hoppecke&#8220;<\/a> unterst\u00fctzen unser Schulleben durch finanzielle Zuwendungen und aktive Mitarbeit.<\/p>\n<p>Werden Sie Mitglied oder unterst\u00fctzen Sie die F\u00f6rdervereine und ihre Anliegen z.B. durch Spenden oder Ihre aktive Mitarbeit. Vielen Dank!<\/p>\n","protected":false},"excerpt":{"rendered":"<p>Der F\u00f6rderverein \u201eVerbundschule Alme-Madfeld-Th\u00fclen&#8220; und der F\u00f6rderverein \u201eGrundschule Hoppecke&#8220; unterst\u00fctzen unser Schulleben durch finanzielle Zuwendungen und aktive Mitarbeit. Werden Sie Mitglied oder unterst\u00fctzen Sie die F\u00f6rdervereine und ihre Anliegen z.B. durch Spenden oder Ihre aktive Mitarbeit. Vielen Dank!<\/p>\n","protected":false},"author":2,"featured_media":0,"parent":0,"menu_order":0,"comment_status":"closed","ping_status":"closed","template":"","meta":{"ngg_post_thumbnail":0,"footnotes":""},"class_list":["post-84","page","type-page","status-publish","hentry"],"_links":{"self":[{"href":"https:\/\/www.grundschule-t-a-h.de\/index.php?rest_route=\/wp\/v2\/pages\/84","targetHints":{"allow":["GET"]}}],"collection":[{"href":"https:\/\/www.grundschule-t-a-h.de\/index.php?rest_route=\/wp\/v2\/pages"}],"about":[{"href":"https:\/\/www.grundschule-t-a-h.de\/index.php?rest_route=\/wp\/v2\/types\/page"}],"author":[{"embeddable":true,"href":"https:\/\/www.grundschule-t-a-h.de\/index.php?rest_route=\/wp\/v2\/users\/2"}],"replies":[{"embeddable":true,"href":"https:\/\/www.grundschule-t-a-h.de\/index.php?rest_route=%2Fwp%2Fv2%2Fcomments&post=84"}],"version-history":[{"count":10,"href":"https:\/\/www.grundschule-t-a-h.de\/index.php?rest_route=\/wp\/v2\/pages\/84\/revisions"}],"predecessor-version":[{"id":7511,"href":"https:\/\/www.grundschule-t-a-h.de\/index.php?rest_route=\/wp\/v2\/pages\/84\/revisions\/7511"}],"wp:attachment":[{"href":"https:\/\/www.grundschule-t-a-h.de\/index.php?rest_route=%2Fwp%2Fv2%2Fmedia&parent=84"}],"curies":[{"name":"wp","href":"https:\/\/api.w.org\/{rel}","templated":true}]}}