{"id":80,"date":"2014-10-13T19:00:50","date_gmt":"2014-10-13T17:00:50","guid":{"rendered":"http:\/\/v-a-m-t.briit.de\/?page_id=80"},"modified":"2025-09-19T13:37:03","modified_gmt":"2025-09-19T11:37:03","slug":"ogs-alme","status":"publish","type":"page","link":"https:\/\/www.grundschule-t-a-h.de\/?page_id=80","title":{"rendered":"OGS Alme"},"content":{"rendered":"<h3 style=\"text-align: center;\"><strong>Das Team der OGS:<\/strong><\/h3>\n<p style=\"text-align: center;\"><em>Foto folgt<\/em><\/p>\n<h3><strong>Anmeldeformulare:<\/strong><\/h3>\n<p><a href=\"https:\/\/www.grundschule-t-a-h.de\/wp-content\/uploads\/2025\/09\/Aufnahmeantrag-OGS-ab-26-27.pdf\">Aufnahmeantrag OGS ab 26-27<\/a><a href=\"https:\/\/www.grundschule-t-a-h.de\/wp-content\/uploads\/2024\/10\/Nachweis_Betreuungsbedarf.pdf\"><br \/>\n<\/a><a href=\"https:\/\/www.grundschule-t-a-h.de\/wp-content\/uploads\/2025\/09\/Merkblatt-Elternbeitraege-OGS-ab-26-27.pdf\">Merkblatt Elternbeitr\u00e4ge OGS ab 26-27<\/a><a href=\"https:\/\/www.grundschule-t-a-h.de\/wp-content\/uploads\/2024\/10\/Nachweis_Betreuungsbedarf.pdf\"><br \/>\n<\/a><a href=\"https:\/\/www.grundschule-t-a-h.de\/wp-content\/uploads\/2024\/10\/Nachweis_Betreuungsbedarf.pdf\">Nachweis Betreuungsbedarf<\/a><\/p>\n<h3><strong>Seit d<\/strong><strong>em Schuljah<\/strong><strong>r 2007\/08 besteht im Schulstandort Alme<\/strong><strong> ein offenes Ganztagsangebot bis 16 Uhr.<\/strong><\/h3>\n<ul>\n<li>Mittagessen, Hausaufgabenbetreuung, Freizeitangebote<\/li>\n<li>F\u00fcr alle Sch\u00fclerInnen des Verbundes offen<\/li>\n<li>Sch\u00fclerInnen aus den anderen Standorten werden in Alme beschult, wenn sie das Angebot nutzen wollen<\/li>\n<\/ul>\n<h3><strong>Zeitkonzept und Zielfenster<br \/>\n<\/strong><\/h3>\n<ul>\n<li>Verl\u00e4ssliche Betreuung zwischen 8.00 und 16 Uhr<\/li>\n<li>sowie in den Oster- und Herbstferien und drei Wochen in den Sommerferien<\/li>\n<li>und an allen beweglichen Ferientagen<\/li>\n<li>Unterrichts-erg\u00e4nzendes Programm&nbsp;<strong><br \/>\n<\/strong><\/li>\n<li>Gemeinsame Mahlzeit<strong>&nbsp;<\/strong><\/li>\n<li>qualifizierte Hausaufgabenbetreuung<\/li>\n<li>R\u00fcckzugsm\u00f6glichkeiten<\/li>\n<li>Freies Spiel<\/li>\n<li>Ab 14.45 Uhr bis 16.00 Uhr&nbsp; freizeitp\u00e4dagogische Angebote<\/li>\n<li>Freies Spiel drinnen und drau\u00dfen, freies Basteln, Lesen, Kuscheln, Entspannen<\/li>\n<li>jahreszeitliche Angebote<\/li>\n<li>halbj\u00e4hrlich wechselnde AGs<\/li>\n<li><strong>Unser Zeitkonzept ber\u00fccksichtigt den Biorhythmus des Kindes <\/strong>(T\u00e4tigkeit und Entspannung, Anstrengung und Erholung, Aufgeschlossenheit und Besinnung, Kollektives Wirken und Selbstt\u00e4tigkeit,Bewegung und Ruhe)<\/li>\n<\/ul>\n<h3><strong>Kosten<\/strong><\/h3>\n<ul>\n<li>Kosten f\u00fcr das einzelne Kind sind vom Einkommen der Eltern abh\u00e4ngig<\/li>\n<li>Die Kosten beinhalten p\u00e4d. Leitung, Honorarkr\u00e4fte,Teilzeitkr\u00e4fte, Verwaltungskraft und Materialien<\/li>\n<\/ul>\n<p>Das erste Geschwisterkind bezahlt die H\u00e4lfte, jedes weitere ist kostenfrei. Der Beitrag wird monatlich von der Stadtverwaltung erhoben.<\/p>\n<h3><strong>Raumkonzept<\/strong><\/h3>\n<p>Die Stadt Brilon renovierte die alte Schule f\u00fcr den Schulbetrieb und f\u00fcr die offene Ganztagsschule.<\/p>\n<p>Gr\u00f6\u00dfe und Anzahl der R\u00e4ume sollen Ruhe, R\u00fcckzug, Lernen&nbsp; sowie Aktivit\u00e4ten erm\u00f6glichen.<\/p>\n<h3><strong>Verpflegungsangebot<\/strong><\/h3>\n<ul>\n<li>Gemeinsamer Mittagstisch und Esskultur<\/li>\n<\/ul>\n<ul>\n<li>Qualitativ gutes Essen, auf die Bed\u00fcrfnisse der Kinder abgestimmt<\/li>\n<\/ul>\n<ul>\n<li>Gesunde Ern\u00e4hrung<\/li>\n<\/ul>\n<ul>\n<li>Einbeziehung von W\u00fcnschen der Kinder<\/li>\n<\/ul>\n<ul>\n<li>Mahlzeit und Getr\u00e4nke gegen Kosten von c.a. 3 Euro pro Tag<\/li>\n<\/ul>\n<ul>\n<li>Alle Kinder nehmen an einer Mittagsmahlzeit teil.<\/li>\n<\/ul>\n<h3><strong>P\u00e4dagogisches Konzept<\/strong><\/h3>\n<ul>\n<li>hauptamtliche p\u00e4dagogische Leitung<\/li>\n<\/ul>\n<p style=\"padding-left: 30px;\">= fester Ansprechpartner f\u00fcr Schule und Eltern<\/p>\n<p style=\"padding-left: 30px;\">= Sprechzeiten und Vorbereitungszeiten<\/p>\n<p style=\"padding-left: 30px;\">= Teilnahme an schulischen Konferenzen, die OGS Themen betreffen<\/p>\n<p style=\"padding-left: 30px;\">= regelm\u00e4\u00dfiger Bericht an Schulkonferenz und Schulausschuss<\/p>\n<ul>\n<li>P\u00e4dagogisch erfahrene Honorarkr\u00e4fte<\/li>\n<\/ul>\n<p style=\"padding-left: 30px;\">= verl\u00e4ssliches Vor- und Nachmittagsprogramm<\/p>\n<h3><strong>Zielsetzung<\/strong><\/h3>\n<ul>\n<li>Entfaltung der Pers\u00f6nlichkeit der Kinder<\/li>\n<\/ul>\n<ul>\n<li>F\u00f6rderung von F\u00e4higkeiten und Fertigkeiten<\/li>\n<\/ul>\n<ul>\n<li>Vermittlung von Kenntnissen<\/li>\n<\/ul>\n<ul>\n<li>F\u00f6rderung sozialer Kompetenz<\/li>\n<\/ul>\n<ul>\n<li>Sinnvolle Besch\u00e4ftigung am Nachmittag<\/li>\n<\/ul>\n<h3><strong>Hausaufgabenbetreuung<\/strong><\/h3>\n<ul>\n<li>Qualifizierte Hilfe bei den Hausaufgaben, aber keine Einzelnachhilfe<\/li>\n<\/ul>\n<ul>\n<li>Keine Verpflichtung der Betreuungskr\u00e4fte die Hausaufgaben komplett mit den Kindern fertig zu stellen<\/li>\n<\/ul>\n<ul>\n<li>Eltern sind <strong>nicht<\/strong> aus der Pflicht genommen, sich um die Hausaufgaben und die Ausstattung der Kinder mit Material zu k\u00fcmmern.<\/li>\n<\/ul>\n<h3><strong>Qualifizierte F\u00f6rderma\u00dfnahmen<\/strong><\/h3>\n<ul>\n<li>In die Nachmittagsbetreuung flie\u00dfen 3 Lehrerstunden&nbsp; in der Woche<\/li>\n<\/ul>\n<ul>\n<li>Au\u00dferdem werden schulischen F\u00f6rdermaterialien inklusive Lernsoftware genutzt.<\/li>\n<\/ul>\n<h3><strong>Freizeitp\u00e4dagogische Ma\u00dfnahmen<\/strong><strong>&nbsp;<\/strong><\/h3>\n<ul>\n<li>Sportangebote<\/li>\n<li>Angebote zu Kunst &amp; Kultur<\/li>\n<li>handwerkliche Angebote<\/li>\n<li>hauswirtschaftliche Angebote<\/li>\n<li>Angebote um die Kognition der Kinder zu F\u00f6rdern<\/li>\n<\/ul>\n<h3><strong>Erziehungsvereinbarung<\/strong><\/h3>\n<p>Zwischen Mitarbeitern der offenen Ganztagsschule und den Eltern wird eine Erziehungsvereinbarung in Form eines Vertrages geschlossen, in dem Ziele, Pflichten und gegenseitiges Bem\u00fchen um eine positive Entwicklung der Kinder geregelt werden.<\/p>\n<h3><strong>Kontakt:<\/strong><\/h3>\n<p>Tel. : 02964 \/ 9697377 (von 11.30 Uhr bis 16.00 Uhr)<\/p>\n<p>&nbsp;<\/p>\n<h3><strong>Die Ferienregelung:<\/strong><\/h3>\n<p>\u00d6ffnungszeiten unserer Offenen Ganztagsschulen in Th\u00fclen, Alme und Hoppecke in den Ferien:<\/p>\n<p>\u00d6ffnungszeiten in den Herbstferien (in jedem Jahr):<\/p>\n<p style=\"padding-left: 30px;\">1. Woche: Alme und Hoppecke<br \/>\n2. Woche: Th\u00fclen<\/p>\n<p>\u00d6ffnungszeiten in den Osterferien (in jedem Jahr):<\/p>\n<p style=\"padding-left: 30px;\">1. Woche: Th\u00fclen<br \/>\n2. Woche: Alme und Hoppecke<\/p>\n<p>\u00d6ffnungszeiten in den Sommerferien (wechselnd):<\/p>\n<ul>\n<li>2025 \u2013 1.-3. Woche: Alme und Hoppecke 4.-6. Woche: Th\u00fclen<\/li>\n<li>2026 \u2013 1.-3. Woche: Th\u00fclen und Alme 4.-6. Woche: Hoppecke<\/li>\n<li>2027 \u2013 1.-3. Woche: Hoppecke und Th\u00fclen 4.-6. Woche: Alme<\/li>\n<\/ul>\n<p>Ab 2028 beginnt die Reihenfolge wieder von vorne.<\/p>\n<p>In den Weihnachtsferien bleiben alle OGSsen geschlossen.<\/p>\n<p>&nbsp;<\/p>\n","protected":false},"excerpt":{"rendered":"<p>Das Team der OGS: Foto folgt Anmeldeformulare: Aufnahmeantrag OGS ab 26-27 Merkblatt Elternbeitr\u00e4ge OGS ab 26-27 Nachweis Betreuungsbedarf Seit dem Schuljahr 2007\/08 besteht im Schulstandort Alme ein offenes Ganztagsangebot bis 16 Uhr. Mittagessen, Hausaufgabenbetreuung, Freizeitangebote F\u00fcr alle Sch\u00fclerInnen des Verbundes &hellip; <a href=\"https:\/\/www.grundschule-t-a-h.de\/?page_id=80\">Weiterlesen <span class=\"meta-nav\">&rarr;<\/span><\/a><\/p>\n","protected":false},"author":2,"featured_media":0,"parent":0,"menu_order":0,"comment_status":"closed","ping_status":"closed","template":"","meta":{"ngg_post_thumbnail":0,"footnotes":""},"class_list":["post-80","page","type-page","status-publish","hentry"],"_links":{"self":[{"href":"https:\/\/www.grundschule-t-a-h.de\/index.php?rest_route=\/wp\/v2\/pages\/80","targetHints":{"allow":["GET"]}}],"collection":[{"href":"https:\/\/www.grundschule-t-a-h.de\/index.php?rest_route=\/wp\/v2\/pages"}],"about":[{"href":"https:\/\/www.grundschule-t-a-h.de\/index.php?rest_route=\/wp\/v2\/types\/page"}],"author":[{"embeddable":true,"href":"https:\/\/www.grundschule-t-a-h.de\/index.php?rest_route=\/wp\/v2\/users\/2"}],"replies":[{"embeddable":true,"href":"https:\/\/www.grundschule-t-a-h.de\/index.php?rest_route=%2Fwp%2Fv2%2Fcomments&post=80"}],"version-history":[{"count":86,"href":"https:\/\/www.grundschule-t-a-h.de\/index.php?rest_route=\/wp\/v2\/pages\/80\/revisions"}],"predecessor-version":[{"id":7377,"href":"https:\/\/www.grundschule-t-a-h.de\/index.php?rest_route=\/wp\/v2\/pages\/80\/revisions\/7377"}],"wp:attachment":[{"href":"https:\/\/www.grundschule-t-a-h.de\/index.php?rest_route=%2Fwp%2Fv2%2Fmedia&parent=80"}],"curies":[{"name":"wp","href":"https:\/\/api.w.org\/{rel}","templated":true}]}}

<h3 style="text-align: center;"><strong>Das Team der OGS:</strong></h3>
<p style="text-align: center;"><em>Foto folgt</em></p>
<h3><strong>Anmeldeformulare:</strong></h3>
<p><a href="https://www.grundschule-t-a-h.de/wp-content/uploads/2025/09/Aufnahmeantrag-OGS-ab-26-27.pdf">Aufnahmeantrag OGS ab 26-27</a><a href="https://www.grundschule-t-a-h.de/wp-content/uploads/2024/10/Nachweis_Betreuungsbedarf.pdf"><br />
</a><a href="https://www.grundschule-t-a-h.de/wp-content/uploads/2025/09/Merkblatt-Elternbeitraege-OGS-ab-26-27.pdf">Merkblatt Elternbeiträge OGS ab 26-27</a><a href="https://www.grundschule-t-a-h.de/wp-content/uploads/2024/10/Nachweis_Betreuungsbedarf.pdf"><br />
</a><a href="https://www.grundschule-t-a-h.de/wp-content/uploads/2024/10/Nachweis_Betreuungsbedarf.pdf">Nachweis Betreuungsbedarf</a></p>
<h3><strong>Seit d</strong><strong>em Schuljah</strong><strong>r 2007/08 besteht im Schulstandort Alme</strong><strong> ein offenes Ganztagsangebot bis 16 Uhr.</strong></h3>
<ul>
<li>Mittagessen, Hausaufgabenbetreuung, Freizeitangebote</li>
<li>Für alle SchülerInnen des Verbundes offen</li>
<li>SchülerInnen aus den anderen Standorten werden in Alme beschult, wenn sie das Angebot nutzen wollen</li>
</ul>
<h3><strong>Zeitkonzept und Zielfenster<br />
</strong></h3>
<ul>
<li>Verlässliche Betreuung zwischen 8.00 und 16 Uhr</li>
<li>sowie in den Oster- und Herbstferien und drei Wochen in den Sommerferien</li>
<li>und an allen beweglichen Ferientagen</li>
<li>Unterrichts-ergänzendes Programm&nbsp;<strong><br />
</strong></li>
<li>Gemeinsame Mahlzeit<strong>&nbsp;</strong></li>
<li>qualifizierte Hausaufgabenbetreuung</li>
<li>Rückzugsmöglichkeiten</li>
<li>Freies Spiel</li>
<li>Ab 14.45 Uhr bis 16.00 Uhr&nbsp; freizeitpädagogische Angebote</li>
<li>Freies Spiel drinnen und draußen, freies Basteln, Lesen, Kuscheln, Entspannen</li>
<li>jahreszeitliche Angebote</li>
<li>halbjährlich wechselnde AGs</li>
<li><strong>Unser Zeitkonzept berücksichtigt den Biorhythmus des Kindes </strong>(Tätigkeit und Entspannung, Anstrengung und Erholung, Aufgeschlossenheit und Besinnung, Kollektives Wirken und Selbsttätigkeit,Bewegung und Ruhe)</li>
</ul>
<h3><strong>Kosten</strong></h3>
<ul>
<li>Kosten für das einzelne Kind sind vom Einkommen der Eltern abhängig</li>
<li>Die Kosten beinhalten päd. Leitung, Honorarkräfte,Teilzeitkräfte, Verwaltungskraft und Materialien</li>
</ul>
<p>Das erste Geschwisterkind bezahlt die Hälfte, jedes weitere ist kostenfrei. Der Beitrag wird monatlich von der Stadtverwaltung erhoben.</p>
<h3><strong>Raumkonzept</strong></h3>
<p>Die Stadt Brilon renovierte die alte Schule für den Schulbetrieb und für die offene Ganztagsschule.</p>
<p>Größe und Anzahl der Räume sollen Ruhe, Rückzug, Lernen&nbsp; sowie Aktivitäten ermöglichen.</p>
<h3><strong>Verpflegungsangebot</strong></h3>
<ul>
<li>Gemeinsamer Mittagstisch und Esskultur</li>
</ul>
<ul>
<li>Qualitativ gutes Essen, auf die Bedürfnisse der Kinder abgestimmt</li>
</ul>
<ul>
<li>Gesunde Ernährung</li>
</ul>
<ul>
<li>Einbeziehung von Wünschen der Kinder</li>
</ul>
<ul>
<li>Mahlzeit und Getränke gegen Kosten von c.a. 3 Euro pro Tag</li>
</ul>
<ul>
<li>Alle Kinder nehmen an einer Mittagsmahlzeit teil.</li>
</ul>
<h3><strong>Pädagogisches Konzept</strong></h3>
<ul>
<li>hauptamtliche pädagogische Leitung</li>
</ul>
<p style="padding-left: 30px;">= fester Ansprechpartner für Schule und Eltern</p>
<p style="padding-left: 30px;">= Sprechzeiten und Vorbereitungszeiten</p>
<p style="padding-left: 30px;">= Teilnahme an schulischen Konferenzen, die OGS Themen betreffen</p>
<p style="padding-left: 30px;">= regelmäßiger Bericht an Schulkonferenz und Schulausschuss</p>
<ul>
<li>Pädagogisch erfahrene Honorarkräfte</li>
</ul>
<p style="padding-left: 30px;">= verlässliches Vor- und Nachmittagsprogramm</p>
<h3><strong>Zielsetzung</strong></h3>
<ul>
<li>Entfaltung der Persönlichkeit der Kinder</li>
</ul>
<ul>
<li>Förderung von Fähigkeiten und Fertigkeiten</li>
</ul>
<ul>
<li>Vermittlung von Kenntnissen</li>
</ul>
<ul>
<li>Förderung sozialer Kompetenz</li>
</ul>
<ul>
<li>Sinnvolle Beschäftigung am Nachmittag</li>
</ul>
<h3><strong>Hausaufgabenbetreuung</strong></h3>
<ul>
<li>Qualifizierte Hilfe bei den Hausaufgaben, aber keine Einzelnachhilfe</li>
</ul>
<ul>
<li>Keine Verpflichtung der Betreuungskräfte die Hausaufgaben komplett mit den Kindern fertig zu stellen</li>
</ul>
<ul>
<li>Eltern sind <strong>nicht</strong> aus der Pflicht genommen, sich um die Hausaufgaben und die Ausstattung der Kinder mit Material zu kümmern.</li>
</ul>
<h3><strong>Qualifizierte Fördermaßnahmen</strong></h3>
<ul>
<li>In die Nachmittagsbetreuung fließen 3 Lehrerstunden&nbsp; in der Woche</li>
</ul>
<ul>
<li>Außerdem werden schulischen Fördermaterialien inklusive Lernsoftware genutzt.</li>
</ul>
<h3><strong>Freizeitpädagogische Maßnahmen</strong><strong>&nbsp;</strong></h3>
<ul>
<li>Sportangebote</li>
<li>Angebote zu Kunst &amp; Kultur</li>
<li>handwerkliche Angebote</li>
<li>hauswirtschaftliche Angebote</li>
<li>Angebote um die Kognition der Kinder zu Fördern</li>
</ul>
<h3><strong>Erziehungsvereinbarung</strong></h3>
<p>Zwischen Mitarbeitern der offenen Ganztagsschule und den Eltern wird eine Erziehungsvereinbarung in Form eines Vertrages geschlossen, in dem Ziele, Pflichten und gegenseitiges Bemühen um eine positive Entwicklung der Kinder geregelt werden.</p>
<h3><strong>Kontakt:</strong></h3>
<p>Tel. : 02964 / 9697377 (von 11.30 Uhr bis 16.00 Uhr)</p>
<p>&nbsp;</p>
<h3><strong>Die Ferienregelung:</strong></h3>
<p>Öffnungszeiten unserer Offenen Ganztagsschulen in Thülen, Alme und Hoppecke in den Ferien:</p>
<p>Öffnungszeiten in den Herbstferien (in jedem Jahr):</p>
<p style="padding-left: 30px;">1. Woche: Alme und Hoppecke<br />
2. Woche: Thülen</p>
<p>Öffnungszeiten in den Osterferien (in jedem Jahr):</p>
<p style="padding-left: 30px;">1. Woche: Thülen<br />
2. Woche: Alme und Hoppecke</p>
<p>Öffnungszeiten in den Sommerferien (wechselnd):</p>
<ul>
<li>2025 – 1.-3. Woche: Alme und Hoppecke 4.-6. Woche: Thülen</li>
<li>2026 – 1.-3. Woche: Thülen und Alme 4.-6. Woche: Hoppecke</li>
<li>2027 – 1.-3. Woche: Hoppecke und Thülen 4.-6. Woche: Alme</li>
</ul>
<p>Ab 2028 beginnt die Reihenfolge wieder von vorne.</p>
<p>In den Weihnachtsferien bleiben alle OGSsen geschlossen.</p>
<p>&nbsp;</p>

<p>Das Team der OGS: Foto folgt Anmeldeformulare: Aufnahmeantrag OGS ab 26-27 Merkblatt Elternbeiträge OGS ab 26-27 Nachweis Betreuungsbedarf Seit dem Schuljahr 2007/08 besteht im Schulstandort Alme ein offenes Ganztagsangebot bis 16 Uhr. Mittagessen, Hausaufgabenbetreuung, Freizeitangebote Für alle SchülerInnen des Verbundes &hellip; <a href="https://www.grundschule-t-a-h.de/?page_id=80">Weiterlesen <span class="meta-nav">&rarr;</span></a></p>
