{"id":135,"date":"2014-10-30T17:31:44","date_gmt":"2014-10-30T15:31:44","guid":{"rendered":"http:\/\/v-a-m-t.briit.de\/?page_id=135"},"modified":"2026-08-28T15:19:33","modified_gmt":"2026-08-28T13:19:33","slug":"kollegium","status":"publish","type":"page","link":"https:\/\/www.grundschule-t-a-h.de\/?page_id=135","title":{"rendered":"Kollegium"},"content":{"rendered":"<p><strong>Kollegium Th\u00fclen &#8211; Alme &#8211; Hoppecke 2026\/2027<\/strong><br \/>\n<a href=\"https:\/\/www.grundschule-t-a-h.de\/wp-content\/uploads\/2026\/08\/Kollegium-2627-HP.jpg\" rel=\"lightbox[135]\"><img loading=\"lazy\" decoding=\"async\" class=\"wp-image-10009 aligncenter\" src=\"https:\/\/www.grundschule-t-a-h.de\/wp-content\/uploads\/2026\/08\/Kollegium-2627-HP.jpg\" alt=\"\" width=\"600\" height=\"399\" srcset=\"https:\/\/www.grundschule-t-a-h.de\/wp-content\/uploads\/2026\/08\/Kollegium-2627-HP.jpg 800w, https:\/\/www.grundschule-t-a-h.de\/wp-content\/uploads\/2026\/08\/Kollegium-2627-HP-250x166.jpg 250w, https:\/\/www.grundschule-t-a-h.de\/wp-content\/uploads\/2026\/08\/Kollegium-2627-HP-768x511.jpg 768w\" sizes=\"auto, (max-width: 600px) 100vw, 600px\" \/><\/a>(hinten v.l.n.r.): C. Werneke (Sozialp\u00e4d. Fachkraft), K. Fischer, R. Bentler, M. Berlinger (Schulleiterin), S. Ebel, St. Menne, B. N\u00fcbel (Konrektorin), L. Hoppe, L. Eberle<br \/>\n(vorne v.l.n.r.): J. Wulf, V.Pauli, A. Scherzberg, Y. Schmelter, I. Bornemann, B. Westrup, C. Franz, F. Bork, M. Brasse, Ch. Preckel, A. G\u00f6tte<\/p>\n<hr>\n<p><strong>Kollegium Th\u00fclen &#8211; Alme &#8211; Hoppecke 2025\/2026<\/strong><\/p>\n<p><img loading=\"lazy\" decoding=\"async\" class=\"size-full wp-image-9648 aligncenter\" src=\"https:\/\/www.grundschule-t-a-h.de\/wp-content\/uploads\/2025\/08\/Kollegium-2526-HP.jpg\" alt=\"\" width=\"600\" height=\"400\" srcset=\"https:\/\/www.grundschule-t-a-h.de\/wp-content\/uploads\/2025\/08\/Kollegium-2526-HP.jpg 600w, https:\/\/www.grundschule-t-a-h.de\/wp-content\/uploads\/2025\/08\/Kollegium-2526-HP-250x167.jpg 250w, https:\/\/www.grundschule-t-a-h.de\/wp-content\/uploads\/2025\/08\/Kollegium-2526-HP-120x80.jpg 120w\" sizes=\"auto, (max-width: 600px) 100vw, 600px\" \/>(hinten v.l.n.r.): V. Pauli, A. Scherzberg, K. Fischer, R. Bentler, C. Werneke (Sozialp\u00e4d. Fachkraft), S. Ebel, B. Westrup, M. Berlinger (Schulleiterin), B. N\u00fcbel (Konrektorin), St. Menne<br \/>\n(vorne v.l.n.r.): L. Harbeke (Lehramtsanw\u00e4rterin), L. Hoppe, M. Brasse, Y. Schmelter, L. Eberle, C. Franz, Ch. Preckel, F. Bork, I. Bornemann<\/p>\n<hr>\n<p><strong>Kollegium Th\u00fclen &#8211; Alme &#8211; Hoppecke 2024\/2025<\/strong><img loading=\"lazy\" decoding=\"async\" class=\"aligncenter wp-image-9207 size-full\" src=\"https:\/\/www.grundschule-t-a-h.de\/wp-content\/uploads\/2024\/08\/Kollegium-HP.jpg\" alt=\"\" width=\"600\" height=\"400\" srcset=\"https:\/\/www.grundschule-t-a-h.de\/wp-content\/uploads\/2024\/08\/Kollegium-HP.jpg 600w, https:\/\/www.grundschule-t-a-h.de\/wp-content\/uploads\/2024\/08\/Kollegium-HP-250x167.jpg 250w, https:\/\/www.grundschule-t-a-h.de\/wp-content\/uploads\/2024\/08\/Kollegium-HP-120x80.jpg 120w\" sizes=\"auto, (max-width: 600px) 100vw, 600px\" \/>(hinten v.l.n.r.): J. Wulf, M. Brasse, M. Berlinger (Schulleiterin), B. N\u00fcbel (Konrektorin), I. Bornemann, B. Hoppe, L. Dorenkamp (Lehramtsanw\u00e4rterin), St. Menne<br \/>\n(vorne v.l.n.r.): L. Hoppe, K. Fischer, S. Ebel, C. Werneke (Sozialp\u00e4d. Fachkraft), A. Scherzberg, B. Westrup, C. Franz, V. Pauli, L. Eberle, Ch. Preckel<br \/>\nes fehlen: R. Bentler, Y. Schmelter<\/p>\n<hr>\n<p><strong>Kollegium Th\u00fclen &#8211; Alme &#8211; Hoppecke 2023\/2024<\/strong><img loading=\"lazy\" decoding=\"async\" class=\"aligncenter wp-image-8727 size-full\" src=\"https:\/\/www.grundschule-t-a-h.de\/wp-content\/uploads\/2023\/08\/Kollegium-2324-HP.jpg\" alt=\"\" width=\"600\" height=\"401\" srcset=\"https:\/\/www.grundschule-t-a-h.de\/wp-content\/uploads\/2023\/08\/Kollegium-2324-HP.jpg 600w, https:\/\/www.grundschule-t-a-h.de\/wp-content\/uploads\/2023\/08\/Kollegium-2324-HP-250x167.jpg 250w, https:\/\/www.grundschule-t-a-h.de\/wp-content\/uploads\/2023\/08\/Kollegium-2324-HP-120x80.jpg 120w\" sizes=\"auto, (max-width: 600px) 100vw, 600px\" \/><br \/>\n(hinten v.l.n.r.): Y. Schmelter, M. Brasse, M. G\u00f6tte (Schulleiterin), B. N\u00fcbel (Konrektorin), V. Pauli, A. Scherzberg, L. Hoppe, St. Menne<br \/>\n(vorne v.l.n.r.): R. Bentler, Ch. Preckel, S. Ebel, B. Westrup, C. Werneke (Sozialp\u00e4d. Fachkraft), C. Franz, L. Eberle, K. Fischer<br \/>\nes fehlen: A. Bunse, L. Dorenkamp, T. Rose, J. Wulf<\/p>\n<hr>\n<p><strong>Kollegium Th\u00fclen &#8211; Alme &#8211; Hoppecke 2022\/2023<\/strong><br \/>\n<img loading=\"lazy\" decoding=\"async\" class=\"aligncenter wp-image-8260\" src=\"https:\/\/www.grundschule-t-a-h.de\/wp-content\/uploads\/2022\/09\/Kollegium-2223-HP.jpg\" alt=\"\" width=\"600\" height=\"302\" srcset=\"https:\/\/www.grundschule-t-a-h.de\/wp-content\/uploads\/2022\/09\/Kollegium-2223-HP.jpg 999w, https:\/\/www.grundschule-t-a-h.de\/wp-content\/uploads\/2022\/09\/Kollegium-2223-HP-250x126.jpg 250w, https:\/\/www.grundschule-t-a-h.de\/wp-content\/uploads\/2022\/09\/Kollegium-2223-HP-768x386.jpg 768w\" sizes=\"auto, (max-width: 600px) 100vw, 600px\" \/>(hinten v.l.n.r.): A. Bunse, S. Ebel, J. Wulf, A. H\u00fclshoff, V. Pauli, A. Scherzberg, R. Bentler, M. Brasse, Y. Schmelter, St. Menne<br \/>\n(vorne v.l.n.r.) M. G\u00f6tte (Schulleiterin), L. Hoppe, C. Werneke (Sozialp\u00e4d. Fachkraft) , C. Franz, B. N\u00fcbel, B. Westrup, K. Fischer<br \/>\nes fehlt: T. Rose<\/p>\n","protected":false},"excerpt":{"rendered":"<p>Kollegium Th\u00fclen &#8211; Alme &#8211; Hoppecke 2026\/2027 (hinten v.l.n.r.): C. Werneke (Sozialp\u00e4d. Fachkraft), K. Fischer, R. Bentler, M. Berlinger (Schulleiterin), S. Ebel, St. Menne, B. N\u00fcbel (Konrektorin), L. Hoppe, L. Eberle (vorne v.l.n.r.): J. Wulf, V.Pauli, A. Scherzberg, Y. Schmelter, &hellip; <a href=\"https:\/\/www.grundschule-t-a-h.de\/?page_id=135\">Weiterlesen <span class=\"meta-nav\">&rarr;<\/span><\/a><\/p>\n","protected":false},"author":2,"featured_media":0,"parent":0,"menu_order":0,"comment_status":"closed","ping_status":"closed","template":"","meta":{"ngg_post_thumbnail":0,"footnotes":""},"class_list":["post-135","page","type-page","status-publish","hentry"],"_links":{"self":[{"href":"https:\/\/www.grundschule-t-a-h.de\/index.php?rest_route=\/wp\/v2\/pages\/135","targetHints":{"allow":["GET"]}}],"collection":[{"href":"https:\/\/www.grundschule-t-a-h.de\/index.php?rest_route=\/wp\/v2\/pages"}],"about":[{"href":"https:\/\/www.grundschule-t-a-h.de\/index.php?rest_route=\/wp\/v2\/types\/page"}],"author":[{"embeddable":true,"href":"https:\/\/www.grundschule-t-a-h.de\/index.php?rest_route=\/wp\/v2\/users\/2"}],"replies":[{"embeddable":true,"href":"https:\/\/www.grundschule-t-a-h.de\/index.php?rest_route=%2Fwp%2Fv2%2Fcomments&post=135"}],"version-history":[{"count":34,"href":"https:\/\/www.grundschule-t-a-h.de\/index.php?rest_route=\/wp\/v2\/pages\/135\/revisions"}],"predecessor-version":[{"id":10013,"href":"https:\/\/www.grundschule-t-a-h.de\/index.php?rest_route=\/wp\/v2\/pages\/135\/revisions\/10013"}],"wp:attachment":[{"href":"https:\/\/www.grundschule-t-a-h.de\/index.php?rest_route=%2Fwp%2Fv2%2Fmedia&parent=135"}],"curies":[{"name":"wp","href":"https:\/\/api.w.org\/{rel}","templated":true}]}}

<p><strong>Kollegium Thülen &#8211; Alme &#8211; Hoppecke 2026/2027</strong><br />
<a href="https://www.grundschule-t-a-h.de/wp-content/uploads/2026/08/Kollegium-2627-HP.jpg" rel="lightbox[135]"><img loading="lazy" decoding="async" class="wp-image-10009 aligncenter" src="https://www.grundschule-t-a-h.de/wp-content/uploads/2026/08/Kollegium-2627-HP.jpg" alt="" width="600" height="399" srcset="https://www.grundschule-t-a-h.de/wp-content/uploads/2026/08/Kollegium-2627-HP.jpg 800w, https://www.grundschule-t-a-h.de/wp-content/uploads/2026/08/Kollegium-2627-HP-250x166.jpg 250w, https://www.grundschule-t-a-h.de/wp-content/uploads/2026/08/Kollegium-2627-HP-768x511.jpg 768w" sizes="auto, (max-width: 600px) 100vw, 600px" /></a>(hinten v.l.n.r.): C. Werneke (Sozialpäd. Fachkraft), K. Fischer, R. Bentler, M. Berlinger (Schulleiterin), S. Ebel, St. Menne, B. Nübel (Konrektorin), L. Hoppe, L. Eberle<br />
(vorne v.l.n.r.): J. Wulf, V.Pauli, A. Scherzberg, Y. Schmelter, I. Bornemann, B. Westrup, C. Franz, F. Bork, M. Brasse, Ch. Preckel, A. Götte</p>
<hr>
<p><strong>Kollegium Thülen &#8211; Alme &#8211; Hoppecke 2025/2026</strong></p>
<p><img loading="lazy" decoding="async" class="size-full wp-image-9648 aligncenter" src="https://www.grundschule-t-a-h.de/wp-content/uploads/2025/08/Kollegium-2526-HP.jpg" alt="" width="600" height="400" srcset="https://www.grundschule-t-a-h.de/wp-content/uploads/2025/08/Kollegium-2526-HP.jpg 600w, https://www.grundschule-t-a-h.de/wp-content/uploads/2025/08/Kollegium-2526-HP-250x167.jpg 250w, https://www.grundschule-t-a-h.de/wp-content/uploads/2025/08/Kollegium-2526-HP-120x80.jpg 120w" sizes="auto, (max-width: 600px) 100vw, 600px" />(hinten v.l.n.r.): V. Pauli, A. Scherzberg, K. Fischer, R. Bentler, C. Werneke (Sozialpäd. Fachkraft), S. Ebel, B. Westrup, M. Berlinger (Schulleiterin), B. Nübel (Konrektorin), St. Menne<br />
(vorne v.l.n.r.): L. Harbeke (Lehramtsanwärterin), L. Hoppe, M. Brasse, Y. Schmelter, L. Eberle, C. Franz, Ch. Preckel, F. Bork, I. Bornemann</p>
<hr>
<p><strong>Kollegium Thülen &#8211; Alme &#8211; Hoppecke 2024/2025</strong><img loading="lazy" decoding="async" class="aligncenter wp-image-9207 size-full" src="https://www.grundschule-t-a-h.de/wp-content/uploads/2024/08/Kollegium-HP.jpg" alt="" width="600" height="400" srcset="https://www.grundschule-t-a-h.de/wp-content/uploads/2024/08/Kollegium-HP.jpg 600w, https://www.grundschule-t-a-h.de/wp-content/uploads/2024/08/Kollegium-HP-250x167.jpg 250w, https://www.grundschule-t-a-h.de/wp-content/uploads/2024/08/Kollegium-HP-120x80.jpg 120w" sizes="auto, (max-width: 600px) 100vw, 600px" />(hinten v.l.n.r.): J. Wulf, M. Brasse, M. Berlinger (Schulleiterin), B. Nübel (Konrektorin), I. Bornemann, B. Hoppe, L. Dorenkamp (Lehramtsanwärterin), St. Menne<br />
(vorne v.l.n.r.): L. Hoppe, K. Fischer, S. Ebel, C. Werneke (Sozialpäd. Fachkraft), A. Scherzberg, B. Westrup, C. Franz, V. Pauli, L. Eberle, Ch. Preckel<br />
es fehlen: R. Bentler, Y. Schmelter</p>
<hr>
<p><strong>Kollegium Thülen &#8211; Alme &#8211; Hoppecke 2023/2024</strong><img loading="lazy" decoding="async" class="aligncenter wp-image-8727 size-full" src="https://www.grundschule-t-a-h.de/wp-content/uploads/2023/08/Kollegium-2324-HP.jpg" alt="" width="600" height="401" srcset="https://www.grundschule-t-a-h.de/wp-content/uploads/2023/08/Kollegium-2324-HP.jpg 600w, https://www.grundschule-t-a-h.de/wp-content/uploads/2023/08/Kollegium-2324-HP-250x167.jpg 250w, https://www.grundschule-t-a-h.de/wp-content/uploads/2023/08/Kollegium-2324-HP-120x80.jpg 120w" sizes="auto, (max-width: 600px) 100vw, 600px" /><br />
(hinten v.l.n.r.): Y. Schmelter, M. Brasse, M. Götte (Schulleiterin), B. Nübel (Konrektorin), V. Pauli, A. Scherzberg, L. Hoppe, St. Menne<br />
(vorne v.l.n.r.): R. Bentler, Ch. Preckel, S. Ebel, B. Westrup, C. Werneke (Sozialpäd. Fachkraft), C. Franz, L. Eberle, K. Fischer<br />
es fehlen: A. Bunse, L. Dorenkamp, T. Rose, J. Wulf</p>
<hr>
<p><strong>Kollegium Thülen &#8211; Alme &#8211; Hoppecke 2022/2023</strong><br />
<img loading="lazy" decoding="async" class="aligncenter wp-image-8260" src="https://www.grundschule-t-a-h.de/wp-content/uploads/2022/09/Kollegium-2223-HP.jpg" alt="" width="600" height="302" srcset="https://www.grundschule-t-a-h.de/wp-content/uploads/2022/09/Kollegium-2223-HP.jpg 999w, https://www.grundschule-t-a-h.de/wp-content/uploads/2022/09/Kollegium-2223-HP-250x126.jpg 250w, https://www.grundschule-t-a-h.de/wp-content/uploads/2022/09/Kollegium-2223-HP-768x386.jpg 768w" sizes="auto, (max-width: 600px) 100vw, 600px" />(hinten v.l.n.r.): A. Bunse, S. Ebel, J. Wulf, A. Hülshoff, V. Pauli, A. Scherzberg, R. Bentler, M. Brasse, Y. Schmelter, St. Menne<br />
(vorne v.l.n.r.) M. Götte (Schulleiterin), L. Hoppe, C. Werneke (Sozialpäd. Fachkraft) , C. Franz, B. Nübel, B. Westrup, K. Fischer<br />
es fehlt: T. Rose</p>

<p>Kollegium Thülen &#8211; Alme &#8211; Hoppecke 2026/2027 (hinten v.l.n.r.): C. Werneke (Sozialpäd. Fachkraft), K. Fischer, R. Bentler, M. Berlinger (Schulleiterin), S. Ebel, St. Menne, B. Nübel (Konrektorin), L. Hoppe, L. Eberle (vorne v.l.n.r.): J. Wulf, V.Pauli, A. Scherzberg, Y. Schmelter, &hellip; <a href="https://www.grundschule-t-a-h.de/?page_id=135">Weiterlesen <span class="meta-nav">&rarr;</span></a></p>
